{"id":337,"date":"2017-03-27T23:39:21","date_gmt":"2017-03-27T23:39:21","guid":{"rendered":"http:\/\/zdruzenjeborcev-nobmb.si\/?page_id=337"},"modified":"2019-01-05T22:34:02","modified_gmt":"2019-01-05T22:34:02","slug":"pristopna-izjava","status":"publish","type":"page","link":"https:\/\/zdruzenjeborcev-nobmb.si\/?page_id=337","title":{"rendered":"\u017dELIM SE V\u010cLANITI"},"content":{"rendered":"<div>Zakaj se \u017eelim v\u010dlaniti v <strong>Zdru\u017eenje\u00a0borcev za vrednote NOB Maribor?<\/strong><br \/>\nPoznati preteklost, razumeti sedanjost, imeti vizijo prihodnosti,\u00a0je rde\u010da nit, ki povezuje razli\u010dne generacije. Vrednote, ki so ljudi povezovale med narodnoosvobodilno borbo, niso del preteklosti. So na\u0161a sedanjost in tudi prihodnost. \u010clane dru\u017ei spo\u0161tljiv odnos do <strong>dedi\u0161\u010dine narodnoosvobodilne borbe<\/strong> in tudi vrednote kot so <strong>tovari\u0161tvo, solidarnost, ponos, humanost<\/strong> ter vrednote, ki so sestavni del \u010dlovekovih pravic&#8230;<\/div>\n<div>Izvle\u010dke iz <strong>Statuta Z<\/strong><strong>dru\u017eenja borcev za vrednote NOB Maribor <\/strong>preberite na ovitku na\u0161ega \u010dasopisa<\/div>\n<h4>vrednote<\/h4>\n<hr \/>\n<h4><a href=\"https:\/\/zdruzenjeborcev-nobmb.si\/wp-content\/uploads\/2017\/03\/Nadaljuj.pdf\" target=\"_blank\" rel=\"noopener\">Nadaljuj<\/a><\/h4>\n<hr \/>\n<h4><a href=\"https:\/\/zdruzenjeborcev-nobmb.si\/wp-content\/uploads\/2017\/03\/Zdru\u017eenje-borcev-za-vrednote-NOB-Maribor.pdf\" target=\"_blank\" rel=\"noopener\">iz statuta zzb nob <\/a><\/h4>\n<p>V primeru da se \u017eelite v\u010dlaniti v organizacijo ZZB-NOB, nam potrebne podatke posredujte prek obrazca.<br \/>\nKako?<br \/>\nKlik na\u00a0povezavo\u00a0<strong><a href=\"https:\/\/zdruzenjeborcev-nobmb.si\/wp-content\/uploads\/2017\/03\/PRISTOPNA-IZJAVA.docx\" target=\"_blank\" rel=\"noopener\">PRISTOPNA IZJAVA<\/a><\/strong>\u00a0poka\u017ee na MS Word\u00a0datoteko, ki\u00a0se\u00a0obi\u010dajno hrani v mapi <strong>Prenosi<\/strong> na va\u0161em ra\u010dunalniku.<br \/>\nPotem:<br \/>\n1. odprite datoteko obrazca,<br \/>\n2. izpolnite postavke,<br \/>\n3. hranite pristopno izjavo.<br \/>\n4. Lahko jo\u00a0natisnete ali jo<br \/>\n5. takoj po\u0161ljete po <strong>e-po\u0161ti:<\/strong> <a href=\"mailto:nob.mb@amis.net\"><strong>nob.mb@amis.net<\/strong>.<\/a><\/p>\n<p>Hvala!<\/p>\n<hr \/>\n<p>&nbsp;<\/p>\n","protected":false},"excerpt":{"rendered":"<p>Zakaj se \u017eelim v\u010dlaniti v Zdru\u017eenje\u00a0borcev za vrednote NOB Maribor? Poznati preteklost, razumeti sedanjost, imeti vizijo prihodnosti,\u00a0je rde\u010da nit, ki povezuje razli\u010dne generacije. Vrednote, ki so ljudi povezovale med narodnoosvobodilno borbo, niso del preteklosti. So na\u0161a sedanjost in tudi prihodnost. \u010clane dru\u017ei spo\u0161tljiv odnos do dedi\u0161\u010dine narodnoosvobodilne borbe in tudi vrednote kot so tovari\u0161tvo, solidarnost, &hellip; <a href=\"https:\/\/zdruzenjeborcev-nobmb.si\/?page_id=337\" class=\"more-link\">Preberi ve\u010d<span class=\"screen-reader-text\"> &#8220;\u017dELIM SE V\u010cLANITI&#8221;<\/span><\/a><\/p>\n","protected":false},"author":1,"featured_media":0,"parent":0,"menu_order":0,"comment_status":"closed","ping_status":"closed","template":"","meta":{"footnotes":""},"_links":{"self":[{"href":"https:\/\/zdruzenjeborcev-nobmb.si\/index.php?rest_route=\/wp\/v2\/pages\/337"}],"collection":[{"href":"https:\/\/zdruzenjeborcev-nobmb.si\/index.php?rest_route=\/wp\/v2\/pages"}],"about":[{"href":"https:\/\/zdruzenjeborcev-nobmb.si\/index.php?rest_route=\/wp\/v2\/types\/page"}],"author":[{"embeddable":true,"href":"https:\/\/zdruzenjeborcev-nobmb.si\/index.php?rest_route=\/wp\/v2\/users\/1"}],"replies":[{"embeddable":true,"href":"https:\/\/zdruzenjeborcev-nobmb.si\/index.php?rest_route=%2Fwp%2Fv2%2Fcomments&post=337"}],"version-history":[{"count":60,"href":"https:\/\/zdruzenjeborcev-nobmb.si\/index.php?rest_route=\/wp\/v2\/pages\/337\/revisions"}],"predecessor-version":[{"id":4807,"href":"https:\/\/zdruzenjeborcev-nobmb.si\/index.php?rest_route=\/wp\/v2\/pages\/337\/revisions\/4807"}],"wp:attachment":[{"href":"https:\/\/zdruzenjeborcev-nobmb.si\/index.php?rest_route=%2Fwp%2Fv2%2Fmedia&parent=337"}],"curies":[{"name":"wp","href":"https:\/\/api.w.org\/{rel}","templated":true}]}}