{"id":2542,"date":"2017-05-22T21:20:28","date_gmt":"2017-05-22T21:20:28","guid":{"rendered":"http:\/\/zdruzenjeborcev-nobmb.si\/?page_id=2542"},"modified":"2023-12-06T13:55:56","modified_gmt":"2023-12-06T12:55:56","slug":"fram-2","status":"publish","type":"page","link":"https:\/\/zdruzenjeborcev-nobmb.si\/?page_id=2542","title":{"rendered":"KO ZB Fram"},"content":{"rendered":"<p>Predsednica: <strong>Zdenka \u010cretnik\u00a0 e-mail: <a href=\"mailto:zdenka.cretnik@gmail.com\">zdenka.cretnik@gmail.com<\/a><br \/>\n<\/strong>tajnica:\u00a0 \u00a0 \u00a0 \u00a0 \u00a0 \u00a0 <strong>Olga Kosirnik\u00a0 \u00a0 \u00a0e-mail: <a href=\"mailto:olga.kosirnik@gmail.com\">olga.kosirnik@gmail.com<\/a><\/strong><\/p>\n<p><strong>\u00a0<\/strong><\/p>\n<hr \/>\n<p>Zaradi Korona razmer v drugi polovici leta je bilo KO ZB Za vrednote NOB Fram prilagojeno omejitvenim vladnim ukrepom.<br \/>\nTako smo <strong>21. 9. 2020 v spomin na dogodke izpred 76 let<\/strong> na Jugovi doma\u010diji v Ran\u010dah izvedli spominsko slovesnost v o\u017ejem krogu predsednikov in predstavnikov KO ZB za vrednote NOB Fram, KO ZB za vrednote NOB Ho\u010de \u2013 Slivnica, KS Fram, KS Slivnica ter Dru\u0161tva krajanov Ran\u010de.<br \/>\n<a href=\"https:\/\/zdruzenjeborcev-nobmb.si\/wp-content\/uploads\/2020\/12\/Preberi-vec.pdf\" target=\"_blank\" rel=\"noopener\"><strong>Preberi ve\u010d<\/strong><\/a><\/p>\n<p><strong>Poglej \u0161e galerijo fotografij<br \/>\n<\/strong><\/p>\n<div id='gallery-1' class='gallery galleryid-2542 gallery-columns-9 gallery-size-thumbnail'><figure class='gallery-item'>\n\t\t\t<div class='gallery-icon landscape'>\n\t\t\t\t<a href='https:\/\/zdruzenjeborcev-nobmb.si\/?attachment_id=6599'><img loading=\"lazy\" decoding=\"async\" width=\"150\" height=\"150\" src=\"https:\/\/zdruzenjeborcev-nobmb.si\/wp-content\/uploads\/2020\/12\/Centralni-spomenik-v-Framu-150x150.jpg\" class=\"attachment-thumbnail size-thumbnail\" alt=\"\" \/><\/a>\n\t\t\t<\/div><\/figure><figure class='gallery-item'>\n\t\t\t<div class='gallery-icon landscape'>\n\t\t\t\t<a href='https:\/\/zdruzenjeborcev-nobmb.si\/?attachment_id=6600'><img loading=\"lazy\" decoding=\"async\" width=\"150\" height=\"150\" src=\"https:\/\/zdruzenjeborcev-nobmb.si\/wp-content\/uploads\/2020\/12\/Grob-talcev-v-Gaju-Fram--150x150.jpg\" class=\"attachment-thumbnail size-thumbnail\" alt=\"\" \/><\/a>\n\t\t\t<\/div><\/figure><figure class='gallery-item'>\n\t\t\t<div class='gallery-icon landscape'>\n\t\t\t\t<a href='https:\/\/zdruzenjeborcev-nobmb.si\/?attachment_id=6601'><img loading=\"lazy\" decoding=\"async\" width=\"150\" height=\"150\" src=\"https:\/\/zdruzenjeborcev-nobmb.si\/wp-content\/uploads\/2020\/12\/Na-Baronovi-domaciji-150x150.jpg\" class=\"attachment-thumbnail size-thumbnail\" alt=\"\" \/><\/a>\n\t\t\t<\/div><\/figure><figure class='gallery-item'>\n\t\t\t<div class='gallery-icon landscape'>\n\t\t\t\t<a href='https:\/\/zdruzenjeborcev-nobmb.si\/?attachment_id=6602'><img loading=\"lazy\" decoding=\"async\" width=\"150\" height=\"150\" src=\"https:\/\/zdruzenjeborcev-nobmb.si\/wp-content\/uploads\/2020\/12\/Na-Jugovi-domaciji-v-Rancah--150x150.jpg\" class=\"attachment-thumbnail size-thumbnail\" alt=\"\" \/><\/a>\n\t\t\t<\/div><\/figure><figure class='gallery-item'>\n\t\t\t<div class='gallery-icon landscape'>\n\t\t\t\t<a href='https:\/\/zdruzenjeborcev-nobmb.si\/?attachment_id=6603'><img loading=\"lazy\" decoding=\"async\" width=\"150\" height=\"150\" src=\"https:\/\/zdruzenjeborcev-nobmb.si\/wp-content\/uploads\/2020\/12\/Na-pokopaliscu-v-Framu-150x150.jpg\" class=\"attachment-thumbnail size-thumbnail\" alt=\"\" \/><\/a>\n\t\t\t<\/div><\/figure><figure class='gallery-item'>\n\t\t\t<div class='gallery-icon landscape'>\n\t\t\t\t<a href='https:\/\/zdruzenjeborcev-nobmb.si\/?attachment_id=6604'><img loading=\"lazy\" decoding=\"async\" width=\"150\" height=\"150\" src=\"https:\/\/zdruzenjeborcev-nobmb.si\/wp-content\/uploads\/2020\/12\/Padlemu-domoljubu-na-Kopivniku-150x150.jpg\" class=\"attachment-thumbnail size-thumbnail\" alt=\"\" \/><\/a>\n\t\t\t<\/div><\/figure><figure class='gallery-item'>\n\t\t\t<div class='gallery-icon landscape'>\n\t\t\t\t<a href='https:\/\/zdruzenjeborcev-nobmb.si\/?attachment_id=6605'><img loading=\"lazy\" decoding=\"async\" width=\"150\" height=\"150\" src=\"https:\/\/zdruzenjeborcev-nobmb.si\/wp-content\/uploads\/2020\/12\/Padlemu-partizanu-v-Morju-pri-Framu--150x150.jpg\" class=\"attachment-thumbnail size-thumbnail\" alt=\"\" \/><\/a>\n\t\t\t<\/div><\/figure><figure class='gallery-item'>\n\t\t\t<div class='gallery-icon landscape'>\n\t\t\t\t<a href='https:\/\/zdruzenjeborcev-nobmb.si\/?attachment_id=6606'><img loading=\"lazy\" decoding=\"async\" width=\"150\" height=\"150\" src=\"https:\/\/zdruzenjeborcev-nobmb.si\/wp-content\/uploads\/2020\/12\/Padlim-domoljubom-v-Gradiscu-pri-Framu-150x150.jpg\" class=\"attachment-thumbnail size-thumbnail\" alt=\"\" \/><\/a>\n\t\t\t<\/div><\/figure><figure class='gallery-item'>\n\t\t\t<div class='gallery-icon landscape'>\n\t\t\t\t<a href='https:\/\/zdruzenjeborcev-nobmb.si\/?attachment_id=6607'><img loading=\"lazy\" decoding=\"async\" width=\"150\" height=\"150\" src=\"https:\/\/zdruzenjeborcev-nobmb.si\/wp-content\/uploads\/2020\/12\/Preseljen-na-novo-lokacijo-150x150.jpg\" class=\"attachment-thumbnail size-thumbnail\" alt=\"\" \/><\/a>\n\t\t\t<\/div><\/figure>\n\t\t<\/div>\n\n<hr \/>\n<h5><a href=\"https:\/\/zdruzenjeborcev-nobmb.si\/wp-content\/uploads\/2020\/12\/Fram1.pdf\" target=\"_blank\" rel=\"noopener\">Poglej \u0161e ve\u010d fotografij<\/a><strong><br \/>\n<\/strong><\/h5>\n<hr \/>\n<p>&nbsp;<\/p>\n","protected":false},"excerpt":{"rendered":"<p>Predsednica: Zdenka \u010cretnik\u00a0 e-mail: zdenka.cretnik@gmail.com tajnica:\u00a0 \u00a0 \u00a0 \u00a0 \u00a0 \u00a0 Olga Kosirnik\u00a0 \u00a0 \u00a0e-mail: olga.kosirnik@gmail.com \u00a0 Zaradi Korona razmer v drugi polovici leta je bilo KO ZB Za vrednote NOB Fram prilagojeno omejitvenim vladnim ukrepom. Tako smo 21. 9. 2020 v spomin na dogodke izpred 76 let na Jugovi doma\u010diji v Ran\u010dah izvedli spominsko &hellip; <a href=\"https:\/\/zdruzenjeborcev-nobmb.si\/?page_id=2542\" class=\"more-link\">Preberi ve\u010d<span class=\"screen-reader-text\"> &#8220;KO ZB Fram&#8221;<\/span><\/a><\/p>\n","protected":false},"author":1,"featured_media":0,"parent":0,"menu_order":0,"comment_status":"closed","ping_status":"closed","template":"","meta":{"footnotes":""},"_links":{"self":[{"href":"https:\/\/zdruzenjeborcev-nobmb.si\/index.php?rest_route=\/wp\/v2\/pages\/2542"}],"collection":[{"href":"https:\/\/zdruzenjeborcev-nobmb.si\/index.php?rest_route=\/wp\/v2\/pages"}],"about":[{"href":"https:\/\/zdruzenjeborcev-nobmb.si\/index.php?rest_route=\/wp\/v2\/types\/page"}],"author":[{"embeddable":true,"href":"https:\/\/zdruzenjeborcev-nobmb.si\/index.php?rest_route=\/wp\/v2\/users\/1"}],"replies":[{"embeddable":true,"href":"https:\/\/zdruzenjeborcev-nobmb.si\/index.php?rest_route=%2Fwp%2Fv2%2Fcomments&post=2542"}],"version-history":[{"count":23,"href":"https:\/\/zdruzenjeborcev-nobmb.si\/index.php?rest_route=\/wp\/v2\/pages\/2542\/revisions"}],"predecessor-version":[{"id":9143,"href":"https:\/\/zdruzenjeborcev-nobmb.si\/index.php?rest_route=\/wp\/v2\/pages\/2542\/revisions\/9143"}],"wp:attachment":[{"href":"https:\/\/zdruzenjeborcev-nobmb.si\/index.php?rest_route=%2Fwp%2Fv2%2Fmedia&parent=2542"}],"curies":[{"name":"wp","href":"https:\/\/api.w.org\/{rel}","templated":true}]}}